s digit of 19491150?
9
What is the ten thousands digit of 428653726?
5
What is the ten thousands digit of 2466111734?
1
What is the tens digit of 2970281022?
2
What is the hundred millions digit of 244023987?
2
What is the hundred thousands digit of 486051093?
0
What is the thousands digit of 367510781?
0
What is the hundred millions digit of 980644001?
9
What is the units digit of 744409122?
2
What is the hundred thousands digit of 535348234?
3
What is the thousands digit of 62515610?
5
What is the hundreds digit of 91313023?
0
What is the hundred millions digit of 966950835?
9
What is the thousands digit of 470075726?
5
What is the ten millions digit of 6412742836?
1
What is the ten millions digit of 55351723?
5
What is the ten thousands digit of 297338802?
3
What is the millions digit of 711085828?
1
What is the ten millions digit of 58014055?
5
What is the ten millions digit of 112256816?
1
What is the tens digit of 55809478?
7
What is the units digit of 109238323?
3
What is the ten thousands digit of 603873118?
7
What is the ten millions digit of 185960657?
8
What is the thousands digit of 209394229?
4
What is the tens digit of 6362306?
0
What is the millions digit of 15748876?
5
What is the ten millions digit of 84426068?
8
What is the hundred thousands digit of 90997568?
9
What is the ten millions digit of 128906256?
2
What is the hundred thousands digit of 2356754556?
7
What is the millions digit of 6604894?
6
What is the hundreds digit of 152131752?
7
What is the hundred millions digit of 700932773?
7
What is the ten thousands digit of 73423811?
2
What is the tens digit of 1096902290?
9
What is the ten millions digit of 23262081?
2
What is the billions digit of 1602894506?
1
What is the thousands digit of 27876843?
6
What is the hundreds digit of 211832131?
1
What is the units digit of 651214414?
4
What is the units digit of 53398679?
9
What is the millions digit of 1753710203?
3
What is the hundred thousands digit of 104515449?
5
What is the ten thousands digit of 647025359?
2
What is the millions digit of 51046465?
1
What is the millions digit of 788167089?
8
What is the hundred thousands digit of 1335573539?
5
What is the tens digit of 5839138?
3
What is the thousands digit of 425494328?
4
What is the millions digit of 2478965284?
8
What is the hundreds digit of 250510385?
3
What is the thousands digit of 1808987050?
7
What is the tens digit of 130713?
1
What is the millions digit of 1659980756?
9
What is the units digit of 354144085?
5
What is the ten thousands digit of 1145557687?
5
What is the billions digit of 2862629411?
2
What is the hundreds digit of 60378085?
0
What is the units digit of 94945659?
9
What is the ten millions digit of 127612785?
2
What is the units digit of 4820642964?
4
What is the hundreds digit of 68154501?
5
What is the ten millions digit of 29052910?
2
What is the hundred millions digit of 597475548?
5
What is the tens digit of 3133311668?
6
What is the tens digit of 1553025954?
5
What is the units digit of 820197748?
8
What is the units digit of 47432123?
3
What is the millions digit of 63573872?
3
What is the hundreds digit of 19682935?
9
What is the ten millions digit of 13574949?
1
What is the thousands digit of 827779?
7
What is the hundreds digit of 1011778?
7
What is the hundreds digit of 15761463?
4
What is the thousands digit of 1469692138?
2
What is the ten millions digit of 129028064?
2
What is the ten millions digit of 80180207?
8
What is the hundred thousands digit of 61124629?
1
What is the hundreds digit of 36652183?
1
What is the ten millions digit of 142523081?
4
What is the millions digit of 247557275?
7
What is the tens digit of 825244192?
9
What is the hundred thousands digit of 15069756?
0
What is the hundreds digit of 77099897?
8
What is the thousands digit of 112879795?
9
What is the millions digit of 3473706998?
3
What is the thousands digit of 3465801455?
1
What is the hundred thousands digit of 5182537596?
5
What is the ten thousands digit of 56111860?
1
What is the units digit of 15433379?
9
What is the hundred thousands digit of 2699181672?
1
What is the millions digit of 72806548?
2
What is the tens digit of 1333824459?
5
What is the hundred thousands digit of 1290375620?
3
What is the ten millions digit of 2580162016?
8
What is the hundreds digit of 281330899?
8
What is the units digit of 782849659?
9
What is the millions digit of 780858617?
0
What is the tens digit of 684077748?
4
What is the hundred thousands digit of 53985169?
9
What is the ten millions digit of 64384353?
6
What is the hundred thousands digit of 537996354?
9
What is the hundreds digit of 671470375?
3
What is the hundred thousands digit of 105412109?
4
What is the ten thousands digit of 941781078?
8
What is the millions digit of 297038978?
7
What is the millions digit of 395090814?
5
What is the hundreds digit of 52063203?
2
What is the ten millions digit of 15353786?
1
What is the tens digit of 32531998?
9
What is the ten millions digit of 880996496?
8
What is the ten thousands digit of 20986002?
8
What is the hundred thousands digit of 449199178?
1
What is the tens digit of 102904677?
7
What is the billions digit of 3265039078?
3
What is the hundreds digit of 122981783?
7
What is the millions digit of 57346899?
7
What is the millions digit of 127973173?
7
What is the ten thousands digit of 122794262?
9
What is the tens digit of 70384224?
2
What is the millions digit of 1797976614?
7
What is the ten millions digit of 321731359?
2
What is the thousands digit of 24473606?
3
What is the ten thousands digit of 67649175?
4
What is the ten thousands digit of 187993086?
9
What is the hundred thousands digit of 225099856?
0
What is the thousands digit of 435505107?
5
What is the ten millions digit of 167834259?
6
What is the ten millions digit of 208475659?
0
What is the hundred thousands digit of 84860797?
8
What is the tens digit of 990634399?
9
What is the hundred thousands digit of 1489946493?
9
What is the hundred thousands digit of 893213068?
2
What is the ten millions digit of 650957867?
5
What is the thousands digit of 1917406340?
6
What is the ten thousands digit of 750278?
5
What is the tens digit of 142767295?
9
What is the hundreds digit of 184341536?
5
What is the millions digit of 129667028?
9
What is the ten millions digit of 360828990?
6
What is the units digit of 36175784?
4
What is the thousands digit of 14546283?
6
What is the ten thousands digit of 281717898?
1
What is the millions digit of 14991242?
4
What is the tens digit of 251164436?
3
What is the ten millions digit of 79347432?
7
What is the tens digit of 6316876792?
9
What is the millions digit of 3587144431?
7
What is the ten millions digit of 390286650?
9
What is the tens digit of 94808568?
6
What is the ten thousands digit of 540832743?
3
What is the hundred thousands digit of 5584576?
5
What is the thousands digit of 378506881?
6
What is the ten thousands digit of 20580002?
8
What is the tens digit of 836069544?
4
What is the hundred millions digit of 2475531814?
4
What is the hundred thousands digit of 54417329?
4
What is the hundreds digit of 50998505?
5
What is the units digit of 5096918124?
4
What is the millions digit of 42587356?
2
What is the units digit of 106401301?
1
What is the units digit of 8055150217?
7
What is the millions digit of 30895319?
0
What is the ten thousands digit of 1299030784?
3
What is the hundred thousands digit of 110334406?
3
What is the units digit of 322369322?
2
What is the thousands digit of 6859452?
9
What is the millions digit of 96916067?
6
What is the hundred thousands digit of 137666033?
6
What is the tens digit of 47783120?
2
What is the hundreds digit of 562460919?
9
What is the units digit of 75436198?
8
What is the hundred thousands digit of 7084726?
0
What is the ten thousands digit of 3196842?
9
What is the ten thousands digit of 545661648?
6
What is the units digit of 1664564833?
3
What is the hundreds digit of 59329336?
3
What is the tens digit of 18565943?
4
What is the units digit of 16322108?
8
What is the millions digit of 554569929?
4
What is the hundred millions digit of 1205152699?
2
What is the millions digit of 143866925?
3
What is the ten thousands digit of 328967599?
6